78828 - 7?
-2578836
In base 4, what is -2330020 - 21112?
-3011132
In base 12, what is -347b16 + -ab?
-348005
In base 3, what is 210 + -101200102202212?
-101200102202002
In base 14, what is 272a5a8 + -3?
272a5a5
In base 10, what is -485 + -51283?
-51768
In base 5, what is 0 + -101214043122?
-101214043122
In base 3, what is -102001 - 2002120211002?
-2002121020010
In base 13, what is -7744 - -5582?
-2192
In base 15, what is -939aa9 - 2?
-939aab
In base 16, what is 18f + -2b0ba?
-2af2b
In base 10, what is 2 - -6882036?
6882038
In base 13, what is 4 - -35a65933?
35a65937
In base 4, what is -23322312233321 - -3?
-23322312233312
In base 4, what is -12 - 33330011210?
-33330011222
In base 5, what is -103434 + -24430?
-133414
In base 13, what is -5 - -29242112?
2924210a
In base 7, what is 3 + 1432262626?
1432262632
In base 13, what is 17a7 - a67?
a40
In base 7, what is -4424360 + 112?
-4424245
In base 8, what is -25 - 3444222?
-3444247
In base 2, what is -101 + -1101110101100001100011?
-1101110101100001101000
In base 13, what is -134 + -14c64?
-15098
In base 9, what is 1708 + 1456865?
1458674
In base 3, what is 2 + -2110101002110?
-2110101002101
In base 16, what is 52c - 21d61?
-21835
In base 2, what is -10 + -10001010010101101101100100001?
-10001010010101101101100100011
In base 11, what is 32291a1 + -1?
32291a0
In base 16, what is -23e + -1b1042?
-1b1280
In base 15, what is 11b8 + 55301?
564b9
In base 14, what is -205c - 46c3?
-6741
In base 7, what is -41251 - 13544?
-55125
In base 7, what is 202 - 243261?
-243056
In base 6, what is -11543 - 4104032?
-4120015
In base 7, what is 2440 + 2164?
4634
In base 9, what is -1160 + -72284?
-73454
In base 15, what is -1c - a62e81?
-a62e9d
In base 12, what is -2892820 - 7?
-2892827
In base 14, what is 294aac13 + -5?
294aac0c
In base 6, what is -1 - -21513351353?
21513351352
In base 15, what is -3b - 1d2?
-21d
In base 14, what is ad5381bc - -1?
ad5381bd
In base 4, what is -303020201 - -33?
-303020102
In base 12, what is 5a21a602 + -3?
5a21a5bb
In base 10, what is -106549177 + -2?
-106549179
In base 13, what is -3 + -2389095?
-2389098
In base 15, what is 672a24b - -10?
672a25b
In base 13, what is 4 + -17138a?
-171386
In base 16, what is -2296 - -65f?
-1c37
In base 10, what is 220186 + -702?
219484
In base 2, what is -111110001 - 110111001011?
-111110111100
In base 4, what is -3 + 20120201321332?
20120201321323
In base 8, what is 24004665 - -5?
24004672
In base 12, what is 6b5481 + -8?
6b5475
In base 3, what is -1 - -101001012210?
101001012202
In base 16, what is -252 + 172378?
172126
In base 14, what is -63d941 + 3?
-63d93c
In base 14, what is 1c349 - -9?
1c354
In base 13, what is -4a96354 + -3?
-4a96357
In base 4, what is 32231133202300 - -10?
32231133202310
In base 6, what is 151232 + -422?
150410
In base 4, what is 3032212021310 - -1?
3032212021311
In base 16, what is 3d7b0 + -67?
3d749
In base 13, what is 6446023 + -16?
644600a
In base 2, what is 11111000010110100000101010 - 100?
11111000010110100000100110
In base 4, what is 110003 + 3022233?
3132302
In base 14, what is 5780 - -29c?
5a3c
In base 3, what is 22120101 - -1110112?
101000220
In base 3, what is -1121022022 + 221021?
-1120101001
In base 10, what is 0 - 161416408?
-161416408
In base 10, what is 11 + -34273862?
-34273851
In base 2, what is -1101011010011101000001101 - 10?
-1101011010011101000001111
In base 10, what is 93 + 17565575?
17565668
In base 6, what is -240453 + 50255?
-150154
In base 6, what is -10 + 2531254313?
2531254303
In base 4, what is 2 + 2120213121?
2120213123
In base 7, what is -42654456 - 13?
-42654502
In base 10, what is 9020178 - -1?
9020179
In base 15, what is -12d76 - ad?
-12e34
In base 3, what is 12121010 + 10102121?
100000201
In base 8, what is -1 + -241204?
-241205
In base 9, what is 516 + 558858?
560475
In base 4, what is 3123133003 + 0?
3123133003
In base 5, what is -1 + 1010220043?
1010220042
In base 7, what is 616002 + 20421?
636423
In base 6, what is -55333431303 - -1?
-55333431302
In base 5, what is -221103 - -11443321?
11222213
In base 13, what is -322aaa3 - 6?
-322aaa9
In base 4, what is -2 - -2200003033300?
2200003033232
In base 14, what is -19369a56 - -2?
-19369a54
In base 12, what is 149 - 21742?
-215b5
In base 5, what is 2021041420 + 10?
2021041430
In base 16, what is 99 - 60e4?
-604b
In base 2, what is -11000001 + -110111011111100001?
-110111100010100010
In base 13, what is 40677c - -73?
406822
In base 9, what is 123 - -432108?
432232
In base 15, what is c + -2b1a2b?
-2b1a1e
In base 13, what is -2 - -41c636a?
41c6368
In base 14, what is 96 + cdc18?
cdcb0
In base 11, what is -2188783 + -16?
-2188799
In base 15, what is 115da - -2e2?
118cc
In base 13, what is 2c96 - -104?
309a
In base 7, what is 20134541 + 131?
20135002
In base 6, what is -20230412 + 1?
-20230411
In base 5, what is -3 - 410142404004?
-410142404012
In base 16, what is 10 - 14881?
-14871
In base 13, what is -30 + -15a7a7?
-15a807
In base 9, what is 16634427 - 3?
16634424
In base 3, what is 10000100100112112 - 100?
10000100100112012
In base 9, what is 782 - -16418?
17311
In base 12, what is -25b5735b + 3?
-25b57358
In base 5, what is 22231224231 - -10?
22231224241
In base 5, what is 332 + -2143340144?
-2143334312
In base 3, what is 10 - 11122122111012?
-11122122111002
In base 9, what is 1081033 - -18?
1081052
In base 3, what is -220020112020122 + -12?
-220020112020211
In base 9, what is -503 + -807?
-1411
In base 4, what is 223 - -302020310?
302021133
In base 16, what is 1c84 + 5fef?
7c73
In base 4, what is -2310033001 - 221?
-2310033222
In base 15, what is 0 + 1140b221?
1140b221
In base 8, what is 41 - 11112732?
-11112671
In base 15, what is -170 - -3a99?
3929
In base 2, what is 100011 - 11100001111111010110101?
-11100001111111010010010
In base 13, what is 38 + -51a911?
-51a8a6
In base 12, what is -90 - 22661b?
-2266ab
In base 10, what is 2504749 + 20?
2504769
In base 7, what is 1 - 33241606?
-33241605
In base 11, what is 93718 + 190?
938a8
In base 9, what is -1 + -1371033?
-1371034
In base 4, what is 10 - -23123200003?
23123200013
In base 15, what is 25 - -a9121?
a9146
In base 2, what is -101011010011100011001 - -1010?
-101011010011100001111
In base 9, what is -5 + -2620110?
-2620115
In base 7, what is -131035 + -34506?
-165544
In base 7, what is -2032 - 102233?
-104265
In base 7, what is 63 + 100063?
100156
In base 14, what is 5c85 + -38b?
58d8
In base 7, what is 1636222232 + 3?
1636222235
In base 4, what is -13101302211000 - 2?
-13101302211002
In base 6, what is 0 + 51433151415?
51433151415
In base 12, what is -1a7b79 + 197?
-1a79a2
In base 15, what is -2c57 + -264d?
-53a5
In base 2, what is 0 + -10110100110001000010101?
-10110100110001000010101
In base 10, what is 13649 - 715?
12934
In base 8, what is 124 + -15634670?
-15634544
In base 15, what is 899a - 16a0?
72ea
In base 9, what is -36 - -5476071?
5476034
In base 11, what is 0 - -3365265?
3365265
In base 7, what is 133 + 465150?
465313
In base 14, what is -3 + -bd975c?
-bd9761
In base 3, what is -12 + 10020221210102?
10020221210020
In base 9, what is 2387686 - 42?
2387644
In base 7, what is -2 + -141423436?
-141423441
In base 9, what is 3 + 10203287?
10203301
In base 3, what is 1011101012001 - 1122200?
1011022112101
In base 11, what is -756510 - a2?
-756602
In base 11, what is 9128aa + -1a9?
912701
In base 2, what is 100 - -11010001101000010110110?
11010001101000010111010
In base 15, what is -4 + -28048ee?
-2804903
In base 6, what is -353304 + -11502?
-405210
In base 2, what is 111110110111 - -11111101001000111?
100000100111111110
In base 6, what is -1 + 3350333413?
3350333412
In base 2, what is 101011111010010 + 111?
101011111011001
In base 12, what is 16 + -3002ab27?
-3002ab11
In base 14, what is -b9041 - 480?
-b94c1
In base 11, what is -144512 - -17?
-1444a6
In base 6, what is -21042 - 24204?
-45250
In base 14, what is -26a5071 - -4?
-26a506b
In base 12, what is 32558 - 95?
32483
In base 10, what is -5215 - 162?
-5377
In base 14, what is -d6a1c - -31?
-d69cb
In base 14, what is 4 + -12d511b9?
-12d511b5
In base 8, what is -16 + -714402?
-714420
In base 11, what is 307 + -1116?
-90a
In base 11, what is 44a4 - 5195a?
-48466
In base 16, what is 1 + -1eaaad?
-1eaaac
In base 3, what is -100 + 10